3326799?
7
What is the remainder when 39919827 is divided by 10558?
29
Calculate the remainder when 689093 is divided by 171641.
2529
Calculate the remainder when 11239396 is divided by 2467.
2211
What is the remainder when 689529 is divided by 663?
9
What is the remainder when 10059342 is divided by 12798?
114
Calculate the remainder when 542396 is divided by 13542.
716
Calculate the remainder when 5341826 is divided by 2049.
83
Calculate the remainder when 1165263 is divided by 394.
205
What is the remainder when 151559 is divided by 6389?
4612
Calculate the remainder when 5270656 is divided by 1171.
1156
Calculate the remainder when 1228766 is divided by 204788.
38
What is the remainder when 6867602 is divided by 2523?
2519
Calculate the remainder when 15048 is divided by 4516.
1500
What is the remainder when 36922390 is divided by 383?
41
Calculate the remainder when 53715615 is divided by 609.
597
What is the remainder when 148168 is divided by 37038?
16
Calculate the remainder when 8188 is divided by 2249.
1441
What is the remainder when 95030635 is divided by 241?
238
What is the remainder when 1006957 is divided by 4728?
4621
What is the remainder when 312317128 is divided by 17?
13
Calculate the remainder when 54044439 is divided by 1391.
1307
Calculate the remainder when 22950381 is divided by 735.
6
What is the remainder when 581156 is divided by 32286?
8
Calculate the remainder when 7605 is divided by 2525.
30
What is the remainder when 147390 is divided by 4913?
0
What is the remainder when 14344693 is divided by 538?
537
Calculate the remainder when 48197 is divided by 11933.
465
Calculate the remainder when 10175 is divided by 47.
23
Calculate the remainder when 12464 is divided by 68.
20
Calculate the remainder when 6207149 is divided by 26.
13
What is the remainder when 47582697 is divided by 47582678?
19
What is the remainder when 550960 is divided by 40?
0
Calculate the remainder when 31174 is divided by 20848.
10326
What is the remainder when 24855 is divided by 8232?
159
What is the remainder when 5878 is divided by 64?
54
What is the remainder when 41951 is divided by 1921?
1610
What is the remainder when 65604316 is divided by 80?
76
What is the remainder when 5441892 is divided by 423?
420
What is the remainder when 498369 is divided by 238?
235
What is the remainder when 17240 is divided by 4531?
3647
Calculate the remainder when 969532 is divided by 33.
25
What is the remainder when 283897765 is divided by 417?
412
Calculate the remainder when 1456774 is divided by 364189.
18
What is the remainder when 214107 is divided by 26741?
179
What is the remainder when 996825 is divided by 996806?
19
What is the remainder when 508664 is divided by 486?
308
What is the remainder when 193441 is divided by 253?
149
What is the remainder when 363552 is divided by 6620?
6072
What is the remainder when 9588471 is divided by 167?
166
What is the remainder when 255799768 is divided by 10?
8
Calculate the remainder when 49508 is divided by 48064.
1444
Calculate the remainder when 18823047 is divided by 6.
3
What is the remainder when 52041 is divided by 2358?
165
What is the remainder when 337538177 is divided by 14?
11
What is the remainder when 271071 is divided by 725?
646
What is the remainder when 709175 is divided by 177293?
3
Calculate the remainder when 182080 is divided by 22759.
8
Calculate the remainder when 7633105 is divided by 9.
7
What is the remainder when 999967 is divided by 554?
551
Calculate the remainder when 35998364 is divided by 5913.
20
What is the remainder when 10083085 is divided by 1118?
961
Calculate the remainder when 902797 is divided by 7850.
47
What is the remainder when 6830941 is divided by 510?
1
Calculate the remainder when 581079489 is divided by 191.
189
What is the remainder when 1438279 is divided by 59?
36
What is the remainder when 534373 is divided by 14838?
205
Calculate the remainder when 90388477 is divided by 2657.
2651
What is the remainder when 957407 is divided by 32?
31
What is the remainder when 2152637 is divided by 66?
47
Calculate the remainder when 529346 is divided by 132.
26
Calculate the remainder when 503582 is divided by 251697.
188
Calculate the remainder when 2883469 is divided by 6188.
6049
Calculate the remainder when 320420 is divided by 40019.
268
What is the remainder when 24081919 is divided by 8027278?
85
What is the remainder when 1568176 is divided by 1587?
220
What is the remainder when 2338245 is divided by 1754?
163
What is the remainder when 312254 is divided by 769?
40
Calculate the remainder when 13889594 is divided by 8595.
74
What is the remainder when 662154 is divided by 3496?
1410
Calculate the remainder when 88824136 is divided by 29608044.
4
What is the remainder when 59199 is divided by 1519?
1477
What is the remainder when 4794439 is divided by 2283?
139
Calculate the remainder when 31542 is divided by 31154.
388
Calculate the remainder when 108358 is divided by 12199.
10766
Calculate the remainder when 4453459 is divided by 318103.
17
Calculate the remainder when 1251870687 is divided by 19.
17
What is the remainder when 82486 is divided by 360?
46
What is the remainder when 17783855 is divided by 5927934?
53
Calculate the remainder when 58655 is divided by 7329.
23
Calculate the remainder when 396144 is divided by 15717.
3219
Calculate the remainder when 582491 is divided by 41606.
7
What is the remainder when 576625 is divided by 192195?
40
What is the remainder when 240467494 is divided by 240467482?
12
What is the remainder when 1491683 is divided by 298334?
13
Calculate the remainder when 3911009 is divided by 1014.
11
Calculate the remainder when 91926 is divided by 2326.
1212
Calculate the remainder when 388809 is divided by 151.
135
What is the remainder when 2244851 is divided by 3391?
9
Calculate the remainder when 91773 is divided by 20.
13
What is the remainder when 243604460 is divided by 24360446?
0
What is the remainder when 1595558 is divided by 2260?
2258
Calculate the remainder when 38211 is divided by 8018.
6139
Calculate the remainder when 1755079 is divided by 118.
65
What is the remainder when 23995 is divided by 16?
11
What is the remainder when 800828 is divided by 49?
21
What is the remainder when 60764 is divided by 16826?
10286
Calculate the remainder when 1264503 is divided by 252897.
18
Calculate the remainder when 74194583 is divided by 4031.
4028
Calculate the remainder when 1575956 is divided by 9728.
20
What is the remainder when 7302317 is divided by 529?
1
What is the remainder when 150972 is divided by 50026?
894
Calculate the remainder when 137679147 is divided by 6883957.
7
Calculate the remainder when 966731 is divided by 2835.
2831
Calculate the remainder when 1991593 is divided by 1527.
385
Calculate the remainder when 351183 is divided by 599.
169
Calculate the remainder when 51290874 is divided by 222.
216
What is the remainder when 626012 is divided by 125186?
82
Calculate the remainder when 12169629 is divided by 938.
17
What is the remainder when 1935940 is divided by 1448?
1412
What is the remainder when 33057 is divided by 13?
11
Calculate the remainder when 28986969 is divided by 2226.
2223
Calculate the remainder when 650092 is divided by 4306.
4192
What is the remainder when 6556051 is divided by 306?
1
What is the remainder when 18891847 is divided by 5099?
52
What is the remainder when 199586470 is divided by 10985?
5
What is the remainder when 1538272 is divided by 296?
256
Calculate the remainder when 15202519 is divided by 129.
127
What is the remainder when 4578584 is divided by 1865?
9
What is the remainder when 8262135 is divided by 3293?
3291
Calculate the remainder when 10167004 is divided by 139273.
75
What is the remainder when 170720054 is divided by 297?
296
What is the remainder when 344362 is divided by 4012?
3342
Calculate the remainder when 6568521 is divided by 164.
157
Calculate the remainder when 1968503 is divided by 7659.
140
Calculate the remainder when 14631117 is divided by 1318.
1317
What is the remainder when 758041 is divided by 378912?
217
What is the remainder when 168338 is divided by 24?
2
What is the remainder when 2843479 is divided by 2843464?
15
What is th